{"id":176,"date":"2025-05-04T22:55:58","date_gmt":"2025-05-04T22:55:58","guid":{"rendered":"https:\/\/delicate-ibex.10web.me\/vehiculos\/"},"modified":"2025-05-30T14:37:45","modified_gmt":"2025-05-30T12:37:45","slug":"vehiculos","status":"publish","type":"page","link":"https:\/\/emiratesmotors.es\/index.php\/vehiculos\/","title":{"rendered":"Veh\u00edculos"},"content":{"rendered":"\t\t<div data-elementor-type=\"wp-page\" data-elementor-id=\"176\" class=\"elementor elementor-176\">\n\t\t\t\t<div class=\"elementor-element elementor-element-bf1hxyhf twbb_section e-flex e-con-boxed e-con e-parent\" data-id=\"bf1hxyhf\" data-element_type=\"container\" id=\"available-vehicles\">\n\t\t\t\t\t<div class=\"e-con-inner\">\n\t\t\t\t<div class=\"elementor-element elementor-element-cbd3bfa elementor-widget elementor-widget-heading\" data-id=\"cbd3bfa\" data-element_type=\"widget\" data-widget_type=\"heading.default\">\n\t\t\t\t<div class=\"elementor-widget-container\">\n\t\t\t\t\t<h5 class=\"elementor-heading-title elementor-size-default\">Veh\u00edculos exclusivos importados para ti<br>\n<br>En Emirates Motors S.L. seleccionamos cuidadosamente cada veh\u00edculo para ofrecerte lo mejor del mercado internacional. Especialistas en la importaci\u00f3n de coches de alta gama desde Dub\u00e1i y otros destinos estrat\u00e9gicos, ponemos a tu alcance modelos \u00fanicos con garant\u00eda de calidad, historial verificado y un proceso 100% legal y transparente.<br>\n\n<br>Aqu\u00ed encontrar\u00e1s deportivos de prestigio, SUV de lujo y pick-ups imponentes listos para disfrutar en Espa\u00f1a, con todos los tr\u00e1mites de homologaci\u00f3n y matriculaci\u00f3n ya realizados.<br>\n\n<br>\ud83d\udd0e \u00bfBuscas algo especial? \nTambi\u00e9n trabajamos por encargo.<br>\nTu coche ideal te est\u00e1 esperando.<\/h5>\t\t\t\t<\/div>\n\t\t\t\t<\/div>\n\t\t\t\t\t<\/div>\n\t\t\t\t<\/div>\n\t\t<div class=\"elementor-element elementor-element-3f626ab e-grid e-con-boxed e-con e-parent\" data-id=\"3f626ab\" data-element_type=\"container\">\n\t\t\t\t\t<div class=\"e-con-inner\">\n\t\t\t\t<div class=\"elementor-element elementor-element-647094b elementor-widget elementor-widget-image\" data-id=\"647094b\" data-element_type=\"widget\" data-widget_type=\"image.default\">\n\t\t\t\t<div class=\"elementor-widget-container\">\n\t\t\t\t\t\t\t\t\t\t\t\t\t\t\t<img fetchpriority=\"high\" decoding=\"async\" width=\"1024\" height=\"683\" src=\"https:\/\/emiratesmotors.es\/wp-content\/uploads\/2025\/05\/mustang-shelby-1024x683.png\" class=\"attachment-large size-large wp-image-285\" alt=\"\" srcset=\"https:\/\/emiratesmotors.es\/wp-content\/uploads\/2025\/05\/mustang-shelby-1024x683.png 1024w, https:\/\/emiratesmotors.es\/wp-content\/uploads\/2025\/05\/mustang-shelby-300x200.png 300w, https:\/\/emiratesmotors.es\/wp-content\/uploads\/2025\/05\/mustang-shelby-768x512.png 768w, https:\/\/emiratesmotors.es\/wp-content\/uploads\/2025\/05\/mustang-shelby.png 1536w\" sizes=\"(max-width: 1024px) 100vw, 1024px\" \/>\t\t\t\t\t\t\t\t\t\t\t\t\t\t\t<\/div>\n\t\t\t\t<\/div>\n\t\t\t\t<div class=\"elementor-element elementor-element-90ae86e elementor-widget elementor-widget-image\" data-id=\"90ae86e\" data-element_type=\"widget\" data-widget_type=\"image.default\">\n\t\t\t\t<div class=\"elementor-widget-container\">\n\t\t\t\t\t\t\t\t\t\t\t\t\t\t\t<img decoding=\"async\" width=\"1024\" height=\"683\" src=\"https:\/\/emiratesmotors.es\/wp-content\/uploads\/2025\/05\/Challenger-1024x683.png\" class=\"attachment-large size-large wp-image-287\" alt=\"\" srcset=\"https:\/\/emiratesmotors.es\/wp-content\/uploads\/2025\/05\/Challenger-1024x683.png 1024w, https:\/\/emiratesmotors.es\/wp-content\/uploads\/2025\/05\/Challenger-300x200.png 300w, https:\/\/emiratesmotors.es\/wp-content\/uploads\/2025\/05\/Challenger-768x512.png 768w, https:\/\/emiratesmotors.es\/wp-content\/uploads\/2025\/05\/Challenger.png 1536w\" sizes=\"(max-width: 1024px) 100vw, 1024px\" \/>\t\t\t\t\t\t\t\t\t\t\t\t\t\t\t<\/div>\n\t\t\t\t<\/div>\n\t\t\t\t<div class=\"elementor-element elementor-element-eb752f8 elementor-widget elementor-widget-image\" data-id=\"eb752f8\" data-element_type=\"widget\" data-widget_type=\"image.default\">\n\t\t\t\t<div class=\"elementor-widget-container\">\n\t\t\t\t\t\t\t\t\t\t\t\t\t\t\t<img decoding=\"async\" width=\"1024\" height=\"683\" src=\"https:\/\/emiratesmotors.es\/wp-content\/uploads\/2025\/05\/Macan-1024x683.png\" class=\"attachment-large size-large wp-image-286\" alt=\"\" srcset=\"https:\/\/emiratesmotors.es\/wp-content\/uploads\/2025\/05\/Macan-1024x683.png 1024w, https:\/\/emiratesmotors.es\/wp-content\/uploads\/2025\/05\/Macan-300x200.png 300w, https:\/\/emiratesmotors.es\/wp-content\/uploads\/2025\/05\/Macan-768x512.png 768w, https:\/\/emiratesmotors.es\/wp-content\/uploads\/2025\/05\/Macan.png 1536w\" sizes=\"(max-width: 1024px) 100vw, 1024px\" \/>\t\t\t\t\t\t\t\t\t\t\t\t\t\t\t<\/div>\n\t\t\t\t<\/div>\n\t\t<div class=\"elementor-element elementor-element-00ea6f9 e-con-full e-flex e-con e-child\" data-id=\"00ea6f9\" data-element_type=\"container\">\n\t\t\t\t<div class=\"elementor-element elementor-element-d9e8803 elementor-widget elementor-widget-image\" data-id=\"d9e8803\" data-element_type=\"widget\" data-widget_type=\"image.default\">\n\t\t\t\t<div class=\"elementor-widget-container\">\n\t\t\t\t\t\t\t\t\t\t\t\t\t\t\t<img loading=\"lazy\" decoding=\"async\" width=\"1024\" height=\"1024\" src=\"https:\/\/emiratesmotors.es\/wp-content\/uploads\/2025\/05\/Cayenne.png\" class=\"attachment-large size-large wp-image-290\" alt=\"\" srcset=\"https:\/\/emiratesmotors.es\/wp-content\/uploads\/2025\/05\/Cayenne.png 1024w, https:\/\/emiratesmotors.es\/wp-content\/uploads\/2025\/05\/Cayenne-300x300.png 300w, https:\/\/emiratesmotors.es\/wp-content\/uploads\/2025\/05\/Cayenne-150x150.png 150w, https:\/\/emiratesmotors.es\/wp-content\/uploads\/2025\/05\/Cayenne-768x768.png 768w\" sizes=\"(max-width: 1024px) 100vw, 1024px\" \/>\t\t\t\t\t\t\t\t\t\t\t\t\t\t\t<\/div>\n\t\t\t\t<\/div>\n\t\t\t\t<\/div>\n\t\t\t\t<div class=\"elementor-element elementor-element-dfec920 elementor-widget elementor-widget-image\" data-id=\"dfec920\" data-element_type=\"widget\" data-widget_type=\"image.default\">\n\t\t\t\t<div class=\"elementor-widget-container\">\n\t\t\t\t\t\t\t\t\t\t\t\t\t\t\t<img loading=\"lazy\" decoding=\"async\" width=\"1024\" height=\"683\" src=\"https:\/\/emiratesmotors.es\/wp-content\/uploads\/2025\/05\/Camaro-1024x683.png\" class=\"attachment-large size-large wp-image-288\" alt=\"\" srcset=\"https:\/\/emiratesmotors.es\/wp-content\/uploads\/2025\/05\/Camaro-1024x683.png 1024w, https:\/\/emiratesmotors.es\/wp-content\/uploads\/2025\/05\/Camaro-300x200.png 300w, https:\/\/emiratesmotors.es\/wp-content\/uploads\/2025\/05\/Camaro-768x512.png 768w, https:\/\/emiratesmotors.es\/wp-content\/uploads\/2025\/05\/Camaro.png 1536w\" sizes=\"(max-width: 1024px) 100vw, 1024px\" \/>\t\t\t\t\t\t\t\t\t\t\t\t\t\t\t<\/div>\n\t\t\t\t<\/div>\n\t\t\t\t<div class=\"elementor-element elementor-element-8eaf9bc elementor-widget elementor-widget-image\" data-id=\"8eaf9bc\" data-element_type=\"widget\" data-widget_type=\"image.default\">\n\t\t\t\t<div class=\"elementor-widget-container\">\n\t\t\t\t\t\t\t\t\t\t\t\t\t\t\t<img loading=\"lazy\" decoding=\"async\" width=\"1024\" height=\"1024\" src=\"https:\/\/emiratesmotors.es\/wp-content\/uploads\/2025\/05\/F-150.png\" class=\"attachment-large size-large wp-image-289\" alt=\"\" srcset=\"https:\/\/emiratesmotors.es\/wp-content\/uploads\/2025\/05\/F-150.png 1024w, https:\/\/emiratesmotors.es\/wp-content\/uploads\/2025\/05\/F-150-300x300.png 300w, https:\/\/emiratesmotors.es\/wp-content\/uploads\/2025\/05\/F-150-150x150.png 150w, https:\/\/emiratesmotors.es\/wp-content\/uploads\/2025\/05\/F-150-768x768.png 768w\" sizes=\"(max-width: 1024px) 100vw, 1024px\" \/>\t\t\t\t\t\t\t\t\t\t\t\t\t\t\t<\/div>\n\t\t\t\t<\/div>\n\t\t\t\t\t<\/div>\n\t\t\t\t<\/div>\n\t\t\t\t<\/div>\n\t\t","protected":false},"excerpt":{"rendered":"<p>Veh\u00edculos exclusivos importados para ti En Emirates Motors S.L. seleccionamos cuidadosamente cada veh\u00edculo para ofrecerte lo mejor del mercado internacional. [&hellip;]<\/p>\n","protected":false},"author":2,"featured_media":0,"parent":0,"menu_order":0,"comment_status":"closed","ping_status":"publish","template":"","meta":{"site-sidebar-layout":"no-sidebar","site-content-layout":"","ast-site-content-layout":"full-width-container","site-content-style":"default","site-sidebar-style":"default","ast-global-header-display":"","ast-banner-title-visibility":"","ast-main-header-display":"","ast-hfb-above-header-display":"","ast-hfb-below-header-display":"","ast-hfb-mobile-header-display":"","site-post-title":"disabled","ast-breadcrumbs-content":"","ast-featured-img":"disabled","footer-sml-layout":"","theme-transparent-header-meta":"","adv-header-id-meta":"","stick-header-meta":"","header-above-stick-meta":"","header-main-stick-meta":"","header-below-stick-meta":"","astra-migrate-meta-layouts":"default","ast-page-background-enabled":"default","ast-page-background-meta":{"desktop":{"background-color":"var(--ast-global-color-5)","background-image":"","background-repeat":"repeat","background-position":"center center","background-size":"auto","background-attachment":"scroll","background-type":"","background-media":"","overlay-type":"","overlay-color":"","overlay-opacity":"","overlay-gradient":""},"tablet":{"background-color":"","background-image":"","background-repeat":"repeat","background-position":"center center","background-size":"auto","background-attachment":"scroll","background-type":"","background-media":"","overlay-type":"","overlay-color":"","overlay-opacity":"","overlay-gradient":""},"mobile":{"background-color":"","background-image":"","background-repeat":"repeat","background-position":"center center","background-size":"auto","background-attachment":"scroll","background-type":"","background-media":"","overlay-type":"","overlay-color":"","overlay-opacity":"","overlay-gradient":""}},"ast-content-background-meta":{"desktop":{"background-color":"var(--ast-global-color-4)","background-image":"","background-repeat":"repeat","background-position":"center center","background-size":"auto","background-attachment":"scroll","background-type":"","background-media":"","overlay-type":"","overlay-color":"","overlay-opacity":"","overlay-gradient":""},"tablet":{"background-color":"var(--ast-global-color-4)","background-image":"","background-repeat":"repeat","background-position":"center center","background-size":"auto","background-attachment":"scroll","background-type":"","background-media":"","overlay-type":"","overlay-color":"","overlay-opacity":"","overlay-gradient":""},"mobile":{"background-color":"var(--ast-global-color-4)","background-image":"","background-repeat":"repeat","background-position":"center center","background-size":"auto","background-attachment":"scroll","background-type":"","background-media":"","overlay-type":"","overlay-color":"","overlay-opacity":"","overlay-gradient":""}},"footnotes":""},"class_list":["post-176","page","type-page","status-publish","hentry"],"_links":{"self":[{"href":"https:\/\/emiratesmotors.es\/index.php\/wp-json\/wp\/v2\/pages\/176","targetHints":{"allow":["GET"]}}],"collection":[{"href":"https:\/\/emiratesmotors.es\/index.php\/wp-json\/wp\/v2\/pages"}],"about":[{"href":"https:\/\/emiratesmotors.es\/index.php\/wp-json\/wp\/v2\/types\/page"}],"author":[{"embeddable":true,"href":"https:\/\/emiratesmotors.es\/index.php\/wp-json\/wp\/v2\/users\/2"}],"replies":[{"embeddable":true,"href":"https:\/\/emiratesmotors.es\/index.php\/wp-json\/wp\/v2\/comments?post=176"}],"version-history":[{"count":18,"href":"https:\/\/emiratesmotors.es\/index.php\/wp-json\/wp\/v2\/pages\/176\/revisions"}],"predecessor-version":[{"id":309,"href":"https:\/\/emiratesmotors.es\/index.php\/wp-json\/wp\/v2\/pages\/176\/revisions\/309"}],"wp:attachment":[{"href":"https:\/\/emiratesmotors.es\/index.php\/wp-json\/wp\/v2\/media?parent=176"}],"curies":[{"name":"wp","href":"https:\/\/api.w.org\/{rel}","templated":true}]}}